
Suppose 2*w = 4*r + 3*w - 205, -223 = -4*r + 5*w. Is ((-200)/r - -4) + (-128)/(-13) a composite number?
True
Let j be 722920/132 - (-2)/6. Let o = j + -3248. Is o composite?
True
Let d be (-1 - -3)/(-7 - 1496/(-216)). Let o(l) = l**2 + 26*l - 28. Let w be o(d). Let m(r) = -478*r**3 + 2*r + 3. Is m(w) prime?
True
Let z(f) = -f**3 + 5*f**2 - f + 3. Let k be z(5). Let l be (197 - -3) + (-3)/(1 + k). Let v = 372 - l. Is v prime?
False
Is (-299910)/260*4/6*-107 a composite number?
True
Let x = -379 + 220. Let s = 150 - x. Let h = s + 70. Is h prime?
True
Suppose -3802 = w - 2*w. Suppose 75*k - 266 - 109 = 0. Suppose -k*g + 6293 = -w. Is g a composite number?
True
Suppose -m + 63 = 20*m. Suppose -16105 = -m*s - 3148. Is s a prime number?
False
Let l(g) = -21*g**2 + 101 + 10*g**2 - 20*g**2 - g**3 - 27*g - 23*g**2. Is l(-54) a prime number?
True
Let v(y) = 47 - 59 - 1707*y - 205 - 98 - 832*y. Is v(-8) composite?
False
Let a(n) = -270069*n - 190. Is a(-1) prime?
True
Suppose -40878 = -81*f + 63*f. Is f a prime number?
False
Let m = 3291 + -3287. Let y(c) = -c**3 - 2*c**2 - c. Let b be y(-2). Suppose -m*d + 786 = b*d. Is d a composite number?
False
Let y(p) = -3*p - 27. Let k be y(-9). Let t(v) = v**3 + v**2 - v + 913. Is t(k) composite?
True
Suppose -113*n + 2901502 = 90*n - 69*n. Is n prime?
False
Let y(p) = 13*p - 545*p**3 - 5 + 0 - 9*p + 2. Let d be y(1). Let m = d + 1211. Is m prime?
False
Suppose 718*b + 12836702 + 19373138 = 798*b. Is b a prime number?
False
Let z(q) = 557*q**2 + 25*q + 235. Is z(-15) a composite number?
True
Let b(o) = 10237*o - 8562. Is b(5) composite?
True
Suppose -2*r = -p - r - 6, 2*r = 4*p + 28. Let g = -21 + p. Let j = 52 + g. Is j a composite number?
False
Let x = -119 + 129. Let y be 5/x*-5*8/(-10). Is 186705/495 - (-3)/((-33)/y) a composite number?
True
Let z = 147 - 144. Is 0 - -3691 - 0*z/6 a composite number?
False
Is ((-3)/(-4))/(4433541/(-79805196) + 108/1944) a prime number?
True
Suppose 0 = -2*o - 2*h + 1026, -2*o + 3*h + 1041 = -0*o. Let d = 1185 - o. Is d a prime number?
False
Let n(r) = 10*r**3 - 5*r**2 + 3*r - 26. Let i be n(12). Suppose i = 16*j - 11*j. Is j a composite number?
True
Suppose 0 = -38*k + 48*k - 67210. Suppose -14*j + j = -k. Is j a composite number?
True
Suppose -3*p = -2*r + 8, 2*r + r - 19 = p. Suppose -r*w = 11*w - 14166. Is w prime?
True
Suppose 3*n = -4*a + 12611, -n + 3346 = -5*a - 845. Is n prime?
True
Suppose u + 3*k = 3794, 3*u = 7*u + 5*k - 15155. Suppose -6477 = -7*s + u. Is s a prime number?
False
Let h(o) be the third derivative of 2*o**4 + 0 - 17/6*o**3 + 0*o + 18*o**2. Is h(7) composite?
True
Suppose 0 = 337*l - 36782287 - 103305580. Is l prime?
True
Let k be 309 - ((-1)/3)/(32/(-384)). Suppose 2*g + k = 4*z - 3*z, 5*z = 4*g + 1531. Is z a prime number?
True
Let h = 214 + -210. Suppose 4*r = -2*g + 11510, 6*r + 8625 = 9*r + h*g. Is r a prime number?
True
Suppose -61278 - 67977 = -21*u. Is u composite?
True
Let s(k) = 260*k**3 + k**2 + 10*k - 5. Let w(a) = -2*a**2 + 4*a - 6. Let j be w(2). Let v be s(j). Is v/(-138) - (-2)/(-12)*1 prime?
False
Suppose 2*a - c = 1079, -5*c + 18 = 3. Suppose 0 = 512*h - 513*h + a. Is h a prime number?
True
Let t(u) = -3*u + 39. Suppose -5*p - 3*o = -p - 83, -5*p = -2*o - 98. Let r be t(p). Let l(q) = -q**3 - 20*q**2 - 16*q + 12. Is l(r) composite?
True
Suppose 5*r = 5, -2*t - 5689 = 3*t + r. Let x = 2559 - t. Suppose -3*z - 3*j + x = 394, 2*z + 3*j = 2206. Is z prime?
True
Is -107836*(-12)/((-384)/(-56)) a composite number?
True
Suppose -4*k = 3*p + 38, -2*p + 3 + 0 = -3*k. Let q be 180/(-50)*20/p. Suppose -q*n + 8*n = -3548. Is n a prime number?
True
Suppose -2*q = 4*j - 12158, -4*j + 9101 = -j + 5*q. Let p = j + -1643. Is p a composite number?
False
Suppose -54*j - 5*t + 157793 = -53*j, -5*j + 789103 = 2*t. Is j a composite number?
False
Suppose 4*l + 15 = h, h = 16*l - 17*l - 5. Let c(u) = -13*u**3 - 33*u**3 - 3*u**2 + 1 - 39*u**3. Is c(h) a composite number?
False
Let g = -114466 - -166961. Is g prime?
False
Let s(b) = b**2 + 7*b + 2. Let g be s(-7). Let j(w) = -2*w - 13 + w**3 + 9*w**2 - 21*w**2 + 9*w**g. Is j(12) prime?
True
Let l = 19 - -751. Let i = -189 + l. Is i prime?
False
Let j be (2 - (-38)/(-16)) + (-5202)/(-48). Is 5851 + (12/(-10))/(j/360) a composite number?
True
Suppose 5*t - 7*t = c - 742, 3*t + 3*c - 1113 = 0. Suppose 0 = 6*k - 319 - 881. Let y = k + t. Is y composite?
False
Let d = -15552 + 23011. Let g = 13208 - d. Is g prime?
True
Let t be 738/4059*(12 + -1). Suppose l - 9 = -2*l. Suppose n + t*p - 105 = 0, -2*n + l*p = -n - 120. Is n a composite number?
True
Is 2*(4/22 + (-804891)/(-66)) a prime number?
True
Let o = -39 - -32. Suppose -4*a - 3*k = 932, -2*k + 653 + 512 = -5*a. Is 14/4*(o - a) a composite number?
True
Let t = -3775 + 1929. Let u = 3095 + t. Is u composite?
False
Let l = 22497 + -13885. Let o = l - 1333. Is o composite?
True
Suppose 5*d - 3*h - 111592 = 89102, -5*d + 2*h + 200701 = 0. Is d a composite number?
True
Let q = 311 - 312. Is (15 + -6212)/((-2 - q)/1) composite?
False
Suppose 35*r + 17985 = 50*r. Suppose 0 = -m + r + 1442. Is m composite?
True
Let s = 44 - 43. Let n(i) = 3*i**2 - 3*i + 2. Let k be n(s). Suppose 4*b = -k*u + 1680, -3*b - 2*u - 142 + 1400 = 0. Is b a composite number?
True
Let h(g) = -2*g**2 + 8*g - 12. Let a be h(3). Let y be -1*3 - (a/(-6) - 12). Let m(t) = 3*t**3 - 3*t**2 - 4*t + 27. Is m(y) a prime number?
False
Let d = 70757 + 27986. Is d composite?
True
Let m = 41 + 1. Is (16755/m - (-12)/(-28))*2 a composite number?
False
Is (4/(-2))/(-2) - (-457 + -91827) a prime number?
False
Let p(m) = 540*m**2 + 11*m - 19. Let h = 258 + -254. Is p(h) prime?
False
Suppose -48*m + 45*m = -4*i - 205985, 5*m - 343291 = -2*i. Is m composite?
False
Suppose 2*i - 11 = -z, i - 19 = 7*z - 12*z. Suppose 1314 + 2697 = z*x. Is x prime?
False
Let l = -95587 - -155408. Suppose -4*t + 3*u = -2*u - l, -2*t - u = -29921. Is t a composite number?
True
Let l = 147 - 165. Is l/3*2*(-1784)/32 a composite number?
True
Let l(k) = k**2 + 9*k + 22. Let z be l(-6). Suppose z*q - 351 = -x, x + 0*x = 3*q + 316. Is x composite?
False
Let g(o) = 172*o**2 + 92*o + 153. Is g(-6) a prime number?
False
Suppose 9*c - 244073 = 32011. Suppose -3*b + 17558 = 3*j - c, -2*b = -j + 16081. Is j prime?
False
Let h be (1*(-1 + 1 + -9249))/(-1). Let p = h - 2626. Is p a prime number?
False
Let g(s) be the second derivative of -43*s**6/120 + 7*s**5/24 + 23*s**4/12 - 13*s. Let p(c) be the third derivative of g(c). Is p(-17) a composite number?
False
Suppose -4*w + 3*m + 24 = -m, -12 = w + 5*m. Suppose -7*n - 41 = -w*n + 3*b, 23 = -4*n + 3*b. Is (22/n)/((-8)/1440) + -2 a composite number?
True
Let m = 43 + -54. Let s be (24/(-33))/4 - 68/m. Suppose -518 = -q - s*q. Is q a composite number?
True
Let x(y) = 10*y**2 + 16*y - 7. Let j be x(-12). Suppose 0 = -3*q - 3*b + 9219, -j + 16606 = 5*q + 4*b. Is q composite?
True
Suppose 3*q - 829*z - 164340 = -832*z, 4*q = -z + 219123. Is q prime?
False
Let w = 478692 - 267223. Is w composite?
False
Suppose 0 = 19*s + 337 - 52. Let g be (-4)/(-6) - s/(-9) - 740. Let z = -450 - g. Is z composite?
True
Let j(b) = -26177*b - 1450. Is j(-21) composite?
True
Suppose 4*c - 5*t = -235, -c - 67 = -12*t + 8*t. Is (-1)/5 - (-12 - (-254826)/c) prime?
False
Let j = -301111 + 454812. Is j composite?
False
Let h(l) = 67487*l**2 - 51*l - 258. Let g be h(-6). Is g/68 + 4*(-2)/68 composite?
False
Is (-4 + 179554/12)/((-1)/(-6)) a composite number?
False
Suppose 7*y - 3*y = 3*m + 23, -26 = -3*y + 4*m. Suppose y*n - 7538 = -1320. Is n a prime number?
True
Suppose -4*o + 194*a + 1039431 = 189*a, -4*o + 1039454 = 18*a. Is o composite?
True
Let l = -45442 + 77983. Is l composite?
True
Suppose 5*t - 5 = 0, -9 = -h - t - 3*t. Suppose -h*g + 14 - 68 = -2*i, 0 = -2*g. Suppose 4*k - 487 = -i. Is k prime?
False
Let c = 357670 + -193515. Is c composite?
True
Let j(z) = 312*z**2 + 50*z + 403. Is j(-23) composite?
True
Suppose 3*u + 5*n = -103, 5*n - 55 = -4*u - 194. Let d(m) = -m**3 - 34*m**2 - 7*m + 83. Is d(u) composite?
False
Let d(s) = 8*s**2 + s - 80. Is d(-53) composite?
True
Let n = -57172 + 157809. Is n a composite number?
True
Let o = 1015 - -974. Suppose 2*r - 1158 = p, 91*r = 5*p + 93*r + 5742. Let s = o + p. Is 